pose 2*i + 3*i = 75. What is the remainder when y is divided by i?
14
What is the remainder when 50 is divided by ((-27)/(-2))/(2 + (-25)/20)?
14
What is the remainder when 90 is divided by (-117)/(-5) + 2/(-5)?
21
Let q = -12 + 6. Calculate the remainder when 15 is divided by 32/q*3/(-2).
7
Let i be (-2 - (-39)/(-2))*10. Let k = 453 + i. Calculate the remainder when (-8)/(-24) + k/6 is divided by 21.
19
Suppose 2*m - p - 17 = 0, -m - 13 = -2*m - 4*p. What is the remainder when 35 is divided by m?
8
What is the remainder when (2*-7 + -1)*-11 is divided by 42?
39
Let a(w) = w**3 + 4*w**2. Calculate the remainder when 16 is divided by a(-3).
7
Let x = -14 - 35. Let y = -33 - x. What is the remainder when 46 is divided by y?
14
Let q(b) = 9*b - 8. Calculate the remainder when 138 is divided by q(4).
26
Suppose 3*u = 12 + 15. Let z(p) = -2*p + 5. Calculate the remainder when u is divided by z(0).
4
Let m = -74 + 84. Calculate the remainder when 15 is divided by m.
5
Let o = -71 - -120. Calculate the remainder when o is divided by 13.
10
Suppose -2*r + 3 = 9. Let i = r - -5. Suppose -60 = -i*k + 2*x, -4*x + 0*x = -16. What is the remainder when k is divided by 12?
10
Let v = 3 + 2. Let f = v - 1. Suppose 2*s = 6*s - 8. Calculate the remainder when f is divided by s.
0
Let o(t) = -6*t**3 - t**2 - t - 1. Let f be o(-1). Let s(y) = 2*y**2 + y - 5. Let k = -193 + 210. What is the remainder when s(f) is divided by k?
16
Suppose 22 = 7*d - 5*d. Calculate the remainder when 1 + (-1 - (-23 - -2)) is divided by d.
10
Let m = 63 + 22. What is the remainder when m is divided by 29?
27
Let u = 45 - 40. Let b(r) = r**3 + 4*r**2 - 3*r + 3. Let w be b(-4). Suppose j + 1 = w. What is the remainder when j is divided by u?
4
Let f(j) = -j**3 - 4*j**2 + j - 6. Suppose -s - s = 5*h - 5, 2*h = 3*s + 21. What is the remainder when f(s) is divided by 8?
6
Let c = -19 - -33. Calculate the remainder when c is divided by (-3)/(-9) - (-56)/12.
4
Let a = 1 + -3. Let v(r) = -3*r**2 - 3*r - 3 - 10*r**3 + 4 + 8*r**3 - 4. What is the remainder when v(a) is divided by 4?
3
Let i be (0 - -2)*(-9)/(-6). Suppose 3*w = -i*m + 2 + 16, 3*w = -15. Let c = m - 6. What is the remainder when c is divided by 3?
2
Suppose 3*b = -4*v - 4, 3*b + 2 = b - 3*v. Let c(g) = 3*g**2 + 2*g - 2. Let o be c(b). Suppose o = 5*f - 27. What is the remainder when 25 is divided by f?
12
Suppose 46 = -3*c + 4*c. Let v = 26 + -13. What is the remainder when c is divided by (-40)/(-25)*(v + -3)?
14
Suppose 0 = -2*t - 2 - 2. Calculate the remainder when t + 4 - (1 + -20) is divided by 11.
10
Suppose t - 28 = -0*t. What is the remainder when t is divided by 10?
8
Suppose 4*c - 132 = 36. What is the remainder when c is divided by (-66)/(-3) + -2 + 2?
20
Suppose -3*u - t = 2*t + 3, -5*t = -20. Suppose 0 = 2*z - 78 - 38. What is the remainder when z is divided by (-1 - u)/((-2)/(-10))?
18
Let b = -23 - -35. Suppose 4*a - b = 12. Calculate the remainder when 15 is divided by a.
3
Let m be (-6*(-3)/3)/1. Suppose 38 + m = y. What is the remainder when y is divided by 15?
14
Let g(n) = n + 7. Let y be g(-7). Let c be (y/(-2))/(-5 + 6). Suppose c = -m - 0*m + 37. What is the remainder when m is divided by 19?
18
Suppose 3*b = 5*s + 2, 0 = 4*s + 4*b + 6 + 2. Let a be (s + -2)/(9/(-6)). Calculate the remainder when 4/a*1 - -5 is divided by 3.
1
Suppose 0 = -2*d + 6 + 36. What is the remainder when 81 is divided by d?
18
Let f be 1/((-51)/27 - -2). Let u = -4 + f. Calculate the remainder when u is divided by 2.
1
Suppose -4*x + 21 = -867. What is the remainder when x is divided by 32?
30
Let v be (-33)/(-3) - (-4)/2. Let l = v - 8. Suppose l*h - 3*h + 76 = 2*s, 4*s + h = 132. What is the remainder when s is divided by 18?
16
Let b = -1 - -3. Let g = 42 - 42. Calculate the remainder when (-25)/((-2 - g)/b) is divided by 13.
12
Let b(v) = 21*v + 7. Let s be b(4). Suppose 2*d + 92 + 16 = 4*u, 0 = -3*d + u - 157. Let o = s + d. What is the remainder when o is divided by 20?
19
Let n = 12 + -6. What is the remainder when n is divided by 2?
0
Let y = 40 - 10. What is the remainder when y is divided by (2/4)/(3/12)*4?
6
Let m = -19 - -32. Suppose 4*o + o - 70 = 5*f, 4*o + 97 = -5*f. Let g = 7 - f. Calculate the remainder when g is divided by m.
11
Let q(f) = -f**2 - 7*f - 3. Let r be q(-7). Let p = r + -10. Let c = 23 + p. What is the remainder when 29 is divided by c?
9
Let o = -81 + 133. What is the remainder when o is divided by (10/(-20))/((-2)/72)?
16
Suppose 3 = 41*i - 40*i. Suppose 0 = -5*n - 5*k + 365, 2*n = -4*k - 19 + 169. Suppose -i*c + n = -40. Calculate the remainder when c is divided by 10.
7
Let c = 10 + -4. Calculate the remainder when c is divided by 4.
2
What is the remainder when (-20)/(-12)*45 - 1 is divided by 16?
10
Suppose 2*y + w - 8 = -4*w, y = 4*w + 4. Calculate the remainder when 878/18 - y/(-18) is divided by 13.
10
Let s(m) = m**2 + 13*m + 16. What is the remainder when 7 is divided by s(-12)?
3
Let t = 300 - 179. Calculate the remainder when t is divided by 31.
28
What is the remainder when 2*(20/(-24))/5*-39 is divided by 9?
4
Suppose 0 = -j - 0*j + 4*x + 59, -5*j + 4*x = -311. What is the remainder when j is divided by 22?
19
Let t = 20 + -13. Let w(y) = 10*y + 4. What is the remainder when w(t) is divided by 25?
24
Let y = 109 + 44. What is the remainder when y is divided by 39?
36
Let o = 73 - 113. Let k = -28 - o. Calculate the remainder when 47 is divided by k.
11
Let l = 22 - 21. Let q(f) = 48*f**2 - 4*f + 3. What is the remainder when q(l) is divided by 16?
15
What is the remainder when ((-27)/(-2))/(24/32) is divided by 4?
2
Let m(v) = 0 - v**2 + 1 + 6*v**2 - v. Let j be m(1). Suppose 0 = j*z + 32 - 102. What is the remainder when z is divided by 8?
6
Let b be -3 - -3 - (-2)/(-1). What is the remainder when b/(-4)*30 + 1 is divided by 6?
4
Let f be (2 + 0)/(1/4). Suppose -s - 2*t = 3*t + 9, 0 = -2*s + 3*t + f. Let v(n) = 13*n**2 - n + 1. Calculate the remainder when 38 is divided by v(s).
12
Let p(m) = -m**3 - 3*m**2 + 4*m + 2. Let y be p(-4). What is the remainder when (5 - y - -40) + 0 is divided by 15?
13
Let b(o) = 9*o**3 - o**2 + 2*o - 1. Let u(x) = -x**2 - 4*x - 2. Let h be u(-3). Calculate the remainder when 16 is divided by b(h).
7
Let z = 336 + -275. Let q = 102 + -68. Suppose -t + 3*w + q = -2, -4*w = 2*t - 22. Calculate the remainder when z is divided by t.
19
Let w(i) = i**2 + 4*i + 1. Let t be (60/(-8))/(-5)*-4. Calculate the remainder when 23 is divided by w(t).
10
Let j = -267 - -183. Let m = -56 - j. What is the remainder when m is divided by 15?
13
Let g(u) = 18*u + 2. What is the remainder when g(3) is divided by 20?
16
Let p be (3/(-2))/3*-2. Suppose -4*c + p = -3*o, 2*o = o - c + 2. Calculate the remainder when 2 is divided by o.
0
Suppose 0 = -6*o + 2*o - 3*w + 125, w = -2*o + 65. Calculate the remainder when o is divided by 6.
5
Let d = 2 - 0. Suppose -4*w + 28 + 4 = d*c, 3*c = -6. Calculate the remainder when 33 is divided by w.
6
Let p = 121 + -110. Let d = 61 + -40. What is the remainder when d is divided by p?
10
Suppose 2*p = j - 16, -5*p - 5 - 2 = 3*j. Let y = -3 - j. Let t = y - -21. What is the remainder when 22 is divided by t?
10
Calculate the remainder when 41 is divided by (-1 - (-46)/2)*1.
19
Let r = -34 - -123. Calculate the remainder when r is divided by 13.
11
Let l(p) = -p**2 + 28. Let f be l(0). Suppose 2*g = f + 60. What is the remainder when g is divided by (-6)/(-9) + (-67)/(-3)?
21
Suppose 0 = -6*w - 8*w + 140. Calculate the remainder when ((-4)/8)/(1/(-58)) is divided by w.
9
Let a(k) = -2*k - 5. Calculate the remainder when 7 is divided by a(-5).
2
Suppose 181 = 5*v - 19. Suppose 2*t - 83 = g - 29, t - 2*g - 30 = 0. Let q = t - 12. Calculate the remainder when v is divided by q.
12
Let a = 87 + -76. What is the remainder when 42 is divided by a?
9
Suppose 2*h - 2*s = -30, -4*h = 3*s - 2*s + 85. Let d = h - -30. Calculate the remainder when d is divided by ((-18)/15)/(1/(-5)).
4
Suppose -y + 2*k = 2*y + 17, -2*y - 14 = -2*k. Suppose -4*j - 24 + 96 = 0. Let q = j + y. Calculate the remainder when q is divided by 8.
7
Suppose 4*j - 36 = -4*p, 39 = 5*j - p - 0*p. Suppose -j = -3*a + 2*a. Let k = -4 - -26. Calculate the remainder when k is divided 